mposite?
True
Is 2103 composite?
True
Is 816295 prime?
False
Is 485029841 a prime number?
False
Is 7331161 a composite number?
True
Is 4673287 a prime number?
True
Is 13750531 a prime number?
False
Is 6359011 a composite number?
False
Is 114438889 a composite number?
True
Is 21060401 a prime number?
True
Is 5563237 a composite number?
True
Is 1233395623 prime?
True
Is 23272729 prime?
True
Is 16016827 composite?
True
Is 7788029 a prime number?
True
Is 6699601 a prime number?
False
Is 128791505 prime?
False
Is 18596966 a composite number?
True
Is 8240663 a composite number?
False
Is 7415543 a composite number?
False
Is 285793 a composite number?
True
Is 5318569 a prime number?
False
Is 715298779 prime?
False
Is 515857 a prime number?
True
Is 2180914 a composite number?
True
Is 11434123 a prime number?
True
Is 352770035 prime?
False
Is 185881321 prime?
False
Is 83747 prime?
False
Is 11169533 prime?
True
Is 2232847 composite?
False
Is 108586417 composite?
False
Is 66504223 composite?
False
Is 80980899 composite?
True
Is 5072111 a prime number?
False
Is 4964117 composite?
True
Is 5411227 composite?
False
Is 35932891 a composite number?
True
Is 345313291 a composite number?
False
Is 3610639 a prime number?
False
Is 124122767 a composite number?
True
Is 4279643 a composite number?
True
Is 70838549 a prime number?
True
Is 2428273 prime?
False
Is 29467747 a composite number?
False
Is 122242583 prime?
True
Is 72025997 composite?
False
Is 134075977 a prime number?
False
Is 20070119 a composite number?
True
Is 20872669 a prime number?
False
Is 243306467 prime?
True
Is 4126043 a prime number?
True
Is 4723179 prime?
False
Is 7335467 prime?
True
Is 12433117 composite?
False
Is 202144793 a composite number?
True
Is 837403961 a composite number?
True
Is 6068317 a composite number?
False
Is 15106661 a prime number?
True
Is 2329091 prime?
True
Is 1563409 a prime number?
True
Is 16728863 composite?
False
Is 3066157 prime?
True
Is 55938247 prime?
False
Is 126631697 a prime number?
True
Is 5918999 a prime number?
True
Is 189051895 a composite number?
True
Is 91403537 prime?
True
Is 172223671 composite?
False
Is 1057933 composite?
True
Is 18298127 composite?
True
Is 16350901 a composite number?
True
Is 31070119 a composite number?
False
Is 987361 composite?
False
Is 52214113 a prime number?
False
Is 28039771 a composite number?
False
Is 12242753 a composite number?
True
Is 598860251 a composite number?
True
Is 55375883 prime?
True
Is 5138443 prime?
True
Is 952787581 a composite number?
True
Is 59206681 a prime number?
True
Is 271999113 a composite number?
True
Is 8860429 a prime number?
True
Is 3530701 prime?
False
Is 1061407 a composite number?
False
Is 15943913 a prime number?
True
Is 11398561 composite?
True
Is 27551 prime?
True
Is 992855 a prime number?
False
Is 8149417 a prime number?
False
Is 110670683 a composite number?
False
Is 6392879 composite?
False
Is 347773333 prime?
False
Is 9177479 prime?
True
Is 293308129 a composite number?
False
Is 167025383 a prime number?
False
Is 207674297 composite?
False
Is 2648693 a prime number?
True
Is 617087 composite?
False
Is 3128474 prime?
False
Is 4118414 a prime number?
False
Is 186689963 prime?
True
Is 56704121 a composite number?
False
Is 3842599 composite?
False
Is 112528747 prime?
False
Is 7250161 composite?
False
Is 138473947 composite?
False
Is 7469837 a composite number?
False
Is 81614233 prime?
True
Is 17935909 a prime number?
False
Is 6022669 a prime number?
False
Is 201763 prime?
False
Is 192742103 a prime number?
False
Is 203201813 a prime number?
False
Is 46295393 composite?
False
Is 250963 a prime number?
True
Is 65715367 a prime number?
False
Is 8050447 a prime number?
False
Is 29909281 a prime number?
True
Is 21410647 prime?
True
Is 36334451 a prime number?
True
Is 20038913 a composite number?
True
Is 150677 a prime number?
False
Is 14426281 a composite number?
True
Is 16024867 a prime number?
True
Is 207743 prime?
True
Is 7103897 a prime number?
True
Is 331769 a composite number?
False
Is 41133359 composite?
True
Is 73173791 prime?
True
Is 359387 composite?
True
Is 175328273 a composite number?
False
Is 616717 prime?
True
Is 3175841 a composite number?
True
Is 70337 a prime number?
False
Is 550513 a prime number?
True
Is 6176549 a prime number?
True
Is 1683277 a prime number?
False
Is 8067047 a composite number?
False
Is 287731 composite?
False
Is 71937993 a prime number?
False
Is 33159773 prime?
True
Is 201409561 a composite number?
False
Is 132574427 a prime number?
True
Is 3147751 a composite number?
False
Is 193540969 a composite number?
True
Is 1088767 a prime number?
False
Is 499657737 a prime number?
False
Is 21588607 prime?
True
Is 3795221 a composite number?
False
Is 349771909 prime?
True
Is 20712973 composite?
False
Is 37372971 a prime number?
False
Is 1652117 a prime number?
False
Is 2009228579 a composite number?
False
Is 7438663 a composite number?
False
Is 775249517 a composite number?
True
Is 2133749 a composite number?
True
Is 4903661 prime?
False
Is 235873139 composite?
False
Is 33259609 composite?
False
Is 1923781 a prime number?
True
Is 34143409 prime?
True
Is 168795223 prime?
True
Is 5928383 composite?
True
Is 159144989 a prime number?
True
Is 190163 a prime number?
False
Is 8667223 a prime number?
False
Is 9491891 a prime number?
True
Is 23058197 a composite number?
True
Is 471018893 composite?
False
Is 10441295 a composite number?
True
Is 95687913 prime?
False
Is 221635451 a prime number?
True
Is 31765871 prime?
True
Is 20016079 a prime number?
False
Is 1195889 prime?
False
Is 46254623 a composite number?
True
Is 21740987 a composite number?
False
Is 395208311 prime?
True
Is 25353043 a prime number?
False
Is 25217749 composite?
True
Is 209180395 composite?
True
Is 8546203 prime?
False
Is 18550511 a prime number?
False
Is 4333187 a composite number?
False
Is 43396555 prime?
False
Is 12913307 prime?
False
Is 3370507 a prime number?
False
Is 7895377 a composite number?
True
Is 5710333 a composite number?
False
Is 3487247 composite?
True
Is 6026521 composite?
False
Is 20753437 composite?
True
Is 121402387 prime?
False
Is 33998141 a composite number?
True
Is 38989 composite?
True
Is 6801745 composite?
True
Is 344807401 composite?
False
Is 19408019 composite?
False
Is 14106293 a composite number?
True
Is 8277091 a composite number?
True
Is 4301449 a composite number?
False
Is 107441437 a composite number?
True
Is 1228007 prime?
False
Is 11030303 a prime number?
True
Is 629683 prime?
True
Is 203748611 composite?
True
Is 402013289 composite?
True
Is 31099237 a prime number?
False
Is 214944605 prime?
False
Is 33263105 a prime number?
False
Is 157088627 composite?
True
Is 23512693 prime?
False
Is 3328981 a composite number?
True
Is 1685969 composite?
True
Is 7427041 prime?
True
Is 4835399 a prime number?
False
Is 7592899 prime?
True
Is 2690647 a prime number?
False
Is 440463341 a composite number?
True
Is 824437 composite?
False
Is 8351731 a prime number?
True
Is 54213491 composite?
False
Is 188395199 prime?
False
Is 520067 a composite number?
False
Is 52310305 prime?
False
Is 503819 a prime number?
True
Is 10719217 composite?
False
Is 8082146 composite?
True
Is 1445879 a prime number?
True
Is 3833971 a prime number?
True
Is 19750451 composite?
True
Is 1330393 prime?
True
Is 5945909 a prime number?
True
Is 14209313 a composite number?
False
Is 232679 a composite number?
True
Is 25912111 composite?
False
Is 60762109 a prime number?
True
Is 186934733 a prime number?
True
Is 372357823 composite?
False
Is 22798207 prime?
False
Is 196983977 composite?
False
Is 7521743 a prime number?
True
Is 771184361 a prime number?
True
Is 3424483 a prime number?
False
Is 68246533 a prime number?
True
Is 2616709 composite?
True
Is 2795647 a composite number?
False
Is 19945509 composite?
True
Is 79045259 composite?
True
Is 3546383 composite?
True
Is 26038603 a prime number?
True
Is 9139807 a composite number?
False
Is 10078667 prime?
False
Is 27287893 a prime number?
False
Is 262211 prime?
False
Is 1486241 prime?
True
Is 18770083 prime?
False
Is 154417519 prime?
True
Is 2739641 prime?
False
Is 316442143 prime?
True
Is 91052749 prime?
True
Is 1358689835 composite?
True
Is 6160271 a prime number?
False
Is 2